hest common divisor of r and a.
12
Suppose 0 = -8*t + 9*t - 9. Calculate the highest common divisor of 1 and t.
1
Let q = 3 + 12. What is the highest common factor of 180 and q?
15
Suppose h + 108 = 5*f + 5*h, -2 = -h. Suppose -5*o + 225 = -4*a - 21, 3*a - 153 = -3*o. What is the highest common divisor of o and f?
10
Suppose 3*l - 2 = 148. Let k = 248 - l. Suppose 52 = 3*y - p, -4*y - 3*p = -80 + 2. Calculate the greatest common divisor of k and y.
18
Suppose -4*h + 0*h = 0. Suppose h = 4*l - 0*l + 20. Let o be (l/2)/(3/(-18)). What is the greatest common factor of o and 15?
15
Suppose 3*i + 97 = 250. Calculate the highest common divisor of 153 and i.
51
Suppose -26*r = -30*r + 64. Calculate the greatest common factor of 240 and r.
16
Suppose 5*h - 2*h + 57 = 0. Let b = h - -40. Suppose -3*k - b = -129. What is the highest common divisor of 18 and k?
18
Let n = 0 - 11. Let r = 16 + n. Suppose -127 = -3*u - 7. What is the highest common divisor of r and u?
5
Let t = 16 + -26. Let c be (-4)/t + (-103)/(-5). Suppose 5*u - 35 + 20 = 0. Calculate the greatest common divisor of u and c.
3
Suppose -4*r - 232 = -2*y, 3*y + r - 169 = 158. What is the greatest common divisor of 10 and y?
10
Let h(f) = -2*f + 10. Let m be h(7). Let d be (21/m)/((-3)/12). Suppose -2*j = -2*q - 4, j + 3*j - 17 = q. Calculate the greatest common factor of q and d.
3
Let g(j) = -j**2 - j + 1. Let t be g(3). Let p = -4 - t. Let x(c) = -c**2 + 6*c + 9. Let v be x(p). Calculate the highest common factor of v and 10.
2
Let r be -4 + -1 + 6 + -3. Let x be (9/r)/(2/(-4)). Suppose -3*z + t = z - 179, -4*z + 4*t = -176. What is the greatest common divisor of z and x?
9
Suppose 5*f - 65 = 5*x, -25 = 3*x - 8*x. Suppose 3*q - 33 = f. What is the greatest common factor of q and 153?
17
Suppose -3*z = -z - 10. Suppose -33*n + 32*n + 1 = 0. What is the highest common factor of n and z?
1
Let w be (-6)/36 + 26/12. Calculate the highest common divisor of w and 18.
2
Suppose -11*w = -13*w + 602. Calculate the greatest common divisor of w and 43.
43
Let p(t) = 18*t**2 - t - 1. Let c be p(-1). Let j be (2 + -3)*-2*2. Let w be 3/j*(37 + -1). What is the highest common divisor of w and c?
9
Let s(d) = -81*d**2. Let l(w) = w**2. Let t(n) = -216*l(n) - 3*s(n). Let m be t(-1). Suppose 4*q - 8 = 64. What is the greatest common divisor of q and m?
9
Let f(b) = b**2 + 7*b - 12. Let n be f(-11). Calculate the greatest common factor of 8 and n.
8
Suppose -4*z + 4 = 8*s - 4*s, 1 = -2*z - 5*s. Suppose -5*n + 10 = l, -2*l = -n + 3*n - 12. What is the highest common divisor of z and l?
1
Suppose -h + 5 = s - 5*s, 0 = -2*s + 2. Suppose -4*z + 12 = 0, 4*z + 66 = 2*q + 2*z. Calculate the greatest common factor of q and h.
9
Let i be ((-116)/(-10))/(9/45). Calculate the greatest common divisor of 29 and i.
29
Let v(g) = g**3 + 7*g**2 - 6*g + 3. Suppose 8 = -3*c - 13. Let j be v(c). What is the greatest common divisor of 9 and j?
9
Let v be (2*-30)/((-2)/2). Let r be 1/((-2)/2)*1. Let x be (((-120)/2)/4)/r. What is the greatest common factor of x and v?
15
Let s = 64 - 58. Calculate the greatest common factor of s and 3.
3
Suppose 4*r + 0*r - 360 = 0. Let t(l) = 6*l. Let s be t(3). Calculate the greatest common factor of r and s.
18
Suppose -5*g + 10 = -5. Suppose -2*h - 2 = -g*h. Calculate the greatest common divisor of 14 and h.
2
Let r be 3/(-1 + 3 + -1). Suppose 0*j - 3*j + 4*m + 44 = 0, 0 = -r*j + 5*m + 43. Suppose -j = -d - d. Calculate the highest common divisor of 56 and d.
8
Let i(g) = 4*g + 7. Let t be i(7). Suppose 0 = 2*v - 5 - 1. Suppose v*h + 15 = 3*d, -2*h + 3 = -d + 6. What is the greatest common divisor of d and t?
7
Let m be (-1)/(-4) + (-11991)/(-84). What is the highest common divisor of m and 13?
13
Suppose -3*v + 252 = 4*v. Suppose t + 3 = 11. Let f be t/v + (-122)/(-18). Calculate the highest common divisor of 35 and f.
7
Let t(h) = -h**3 + 7*h**2 - 3*h - 3. Let j be t(6). Calculate the highest common divisor of j and 3.
3
Let l be (-6)/4*16/(-3). Suppose 4*p = -2*b + 260, -4*p + 4*b + 266 = 9*b. Calculate the highest common factor of l and p.
8
Let v be (2/(-4))/((-3)/18). Suppose v + 17 = l. What is the greatest common divisor of 4 and l?
4
Let d(c) = c - 4. Let u be d(10). Let s = -3 + u. What is the greatest common factor of s and 9?
3
Let o be 78/4*22/(-33). Let m be o/65 - 172/(-10). What is the highest common divisor of 34 and m?
17
Suppose 2*i + b - 47 = 0, 0 = -i - 3*i + 3*b + 69. Let c(l) = l**2 - 3*l - 4. Let f be c(6). What is the greatest common factor of f and i?
7
Let b = -3 + 8. Suppose -5*y + 22 = b*q - 18, -4*y = 12. Let f be ((-4)/(-6))/((-6)/(-693)). Calculate the highest common factor of f and q.
11
Let z = 44 + -17. Suppose 4*r - 23 = 13. What is the highest common factor of z and r?
9
Let x(t) = t**2 + 6*t - 2. Suppose -50 = 5*s - 0*s. Let f be x(s). What is the highest common divisor of 19 and f?
19
Suppose 0 = 5*p + h - 5 - 3, -12 = -4*h. Let z(w) = p - 2*w + w - w**3 + 6 + w**2. Let q be z(0). Calculate the highest common divisor of 1 and q.
1
Let i be -1 + (-3 + 76/16)*32. Calculate the highest common factor of 44 and i.
11
Let c be (268/6)/(2/3). Let t = c + 173. Suppose 5*a - 160 = t. What is the greatest common factor of a and 16?
16
Suppose -140 = -5*t - 50. Calculate the greatest common factor of t and 198.
18
Let f = 84 + -58. Calculate the greatest common factor of 65 and f.
13
Suppose -3*h - 6 = -3*t - 24, -4*t = -5*h + 34. Suppose 5*n = 6*n - h. What is the greatest common divisor of 4 and n?
2
Let q(x) = -x + 11. Let p be q(-7). Let g = p + 2. Calculate the highest common divisor of g and 80.
20
Suppose -g = 2*m - 7*m + 8, 4*g - 13 = 5*m. Calculate the highest common factor of g and 56.
7
Suppose 14 = 3*l + 5*g, 0 = 3*l - 0*l + g - 22. Calculate the highest common factor of l and 24.
8
Suppose -r = r + 50. Let m = r + 15. Let p(s) = s**3 + 11*s**2 + 11*s + 15. Let j be p(m). What is the greatest common factor of 15 and j?
5
Let y(f) = f + 3. Let g(l) = l + 4. Let x(n) = 6*g(n) - 7*y(n). Let h be x(-7). What is the highest common factor of 80 and h?
10
Suppose 5*i - 60 - 325 = 0. Calculate the greatest common divisor of i and 7.
7
Let g be (2 - 8/6)*12. What is the greatest common divisor of g and 56?
8
Let d = -6 + 3. Let a(k) = -20*k + 6. Let n be a(d). Let u be (-1 - 0)*-4 - -2. What is the highest common divisor of n and u?
6
Suppose 15*h - 105 = 8*h. Calculate the greatest common factor of 9 and h.
3
Let t = -54 + 135. What is the highest common factor of 18 and t?
9
Let x be 939/9 + (-12)/(-18). What is the highest common factor of 42 and x?
21
Let m(b) = b**2 + 7*b + 4. Let s be m(-9). What is the greatest common factor of s and 11?
11
Suppose 10 = -3*a + 4*a. Suppose -c = 1 - 2. Let n(v) = 14*v + 1. Let j be n(c). Calculate the greatest common divisor of j and a.
5
Let k = -17 + 23. Calculate the greatest common divisor of k and 42.
6
Suppose -2*p = -11 + 5. Suppose p*c = 28 + 8. What is the greatest common factor of c and 4?
4
Let u be (1/(-1))/((-3)/39). Suppose -3*k + 6 + 72 = 0. What is the greatest common divisor of k and u?
13
Suppose -4*m + 2 = -h, -2*m + 1 - 5 = -3*h. Let i = h + -6. Let r(d) = -d**3 - 2*d**2 + 5*d - 1. Let v be r(i). What is the highest common factor of 11 and v?
11
Let l(t) = t**3 + 8*t**2 + 5*t + 9. Let f be l(-7). Suppose 4*k = x - 15, -5*x - 3*k + 29 + f = 0. Calculate the highest common divisor of x and 99.
11
Suppose -2*t + 4 = -k - 0, 0 = t - 2. Let i be (k + 1)/((-1)/(-8)). Let m be -1 - (-5 - (2 + -2)). Calculate the highest common factor of i and m.
4
Let l = 45 + -17. Calculate the greatest common factor of 14 and l.
14
Let k be (-172)/(-6) + 20/15. Calculate the highest common divisor of 6 and k.
6
Let t be (6/(-10))/(1/(-5)). Suppose 0 = -2*d + d - 4*i - 6, t*d + 5*i - 3 = 0. Calculate the highest common factor of d and 2.
2
Let t be 1/(-3) + (-56)/(-6). Suppose 1 - t = -v. Suppose -60 = 11*f - 16*f. Calculate the greatest common factor of v and f.
4
Suppose -2*l + 2 = 14. Let k = 36 + l. What is the greatest common divisor of 45 and k?
15
Suppose 0*f - 51 = -3*f. Let g = 126 + f. Let l = g - 71. Calculate the highest common factor of l and 18.
18
Let j be (-5901)/(-12) + 2/8. Suppose -4*g + 12 = -j. Ca